{"id":10,"date":"2018-09-18T09:03:21","date_gmt":"2018-09-18T14:03:21","guid":{"rendered":"http:\/\/industriasproeza.com\/index.php\/projects\/"},"modified":"2023-06-20T23:41:29","modified_gmt":"2023-06-21T05:41:29","slug":"nuestra-empresa","status":"publish","type":"page","link":"https:\/\/industriasproeza.com\/index.php\/nuestra-empresa\/","title":{"rendered":"Nuestra Empresa"},"content":{"rendered":"\t\t<div data-elementor-type=\"wp-post\" data-elementor-id=\"10\" class=\"elementor elementor-10\" data-elementor-settings=\"[]\">\n\t\t\t\t\t\t<div class=\"elementor-inner\">\n\t\t\t\t\t\t\t<div class=\"elementor-section-wrap\">\n\t\t\t\t\t\t\t<section class=\"elementor-section elementor-top-section elementor-element elementor-element-521b7b6 elementor-section-content-middle elementor-section-boxed elementor-section-height-default elementor-section-height-default elementor-invisible\" data-id=\"521b7b6\" data-element_type=\"section\" data-settings=\"{&quot;background_background&quot;:&quot;classic&quot;,&quot;animation&quot;:&quot;zoomIn&quot;}\">\n\t\t\t\t\t\t\t<div class=\"elementor-background-overlay\"><\/div>\n\t\t\t\t\t\t\t<div class=\"elementor-container elementor-column-gap-no\">\n\t\t\t\t\t\t\t<div class=\"elementor-row\">\n\t\t\t\t\t<div class=\"elementor-column elementor-col-100 elementor-top-column elementor-element elementor-element-34b262c3\" data-id=\"34b262c3\" data-element_type=\"column\">\n\t\t\t<div class=\"elementor-column-wrap elementor-element-populated\">\n\t\t\t\t\t\t\t<div class=\"elementor-widget-wrap\">\n\t\t\t\t\t\t<div class=\"elementor-element elementor-element-1589fd61 elementor-widget elementor-widget-heading\" data-id=\"1589fd61\" data-element_type=\"widget\" data-widget_type=\"heading.default\">\n\t\t\t\t<div class=\"elementor-widget-container\">\n\t\t\t<h1 class=\"elementor-heading-title elementor-size-default\">Nuestra Empresa<\/h1>\t\t<\/div>\n\t\t\t\t<\/div>\n\t\t\t\t\t\t<\/div>\n\t\t\t\t\t<\/div>\n\t\t<\/div>\n\t\t\t\t\t\t\t\t<\/div>\n\t\t\t\t\t<\/div>\n\t\t<\/section>\n\t\t\t\t<section class=\"elementor-section elementor-top-section elementor-element elementor-element-6b754f73 elementor-section-boxed elementor-section-height-default elementor-section-height-default\" data-id=\"6b754f73\" data-element_type=\"section\" data-settings=\"{&quot;background_background&quot;:&quot;classic&quot;}\">\n\t\t\t\t\t\t<div class=\"elementor-container elementor-column-gap-no\">\n\t\t\t\t\t\t\t<div class=\"elementor-row\">\n\t\t\t\t\t<div class=\"elementor-column elementor-col-100 elementor-top-column elementor-element elementor-element-590f4dd6\" data-id=\"590f4dd6\" data-element_type=\"column\">\n\t\t\t<div class=\"elementor-column-wrap elementor-element-populated\">\n\t\t\t\t\t\t\t<div class=\"elementor-widget-wrap\">\n\t\t\t\t\t\t<section class=\"elementor-section elementor-inner-section elementor-element elementor-element-367a52cc elementor-section-boxed elementor-section-height-default elementor-section-height-default\" data-id=\"367a52cc\" data-element_type=\"section\">\n\t\t\t\t\t\t<div class=\"elementor-container elementor-column-gap-no\">\n\t\t\t\t\t\t\t<div class=\"elementor-row\">\n\t\t\t\t\t<div class=\"elementor-column elementor-col-33 elementor-inner-column elementor-element elementor-element-7c513f6a\" data-id=\"7c513f6a\" data-element_type=\"column\">\n\t\t\t<div class=\"elementor-column-wrap elementor-element-populated\">\n\t\t\t\t\t\t\t<div class=\"elementor-widget-wrap\">\n\t\t\t\t\t\t<div class=\"elementor-element elementor-element-207faf18 elementor-widget elementor-widget-heading\" data-id=\"207faf18\" data-element_type=\"widget\" data-widget_type=\"heading.default\">\n\t\t\t\t<div class=\"elementor-widget-container\">\n\t\t\t<h3 class=\"elementor-heading-title elementor-size-default\">Industrias Proeza<\/h3>\t\t<\/div>\n\t\t\t\t<\/div>\n\t\t\t\t<div class=\"elementor-element elementor-element-2da2623c elementor-widget elementor-widget-text-editor\" data-id=\"2da2623c\" data-element_type=\"widget\" data-widget_type=\"text-editor.default\">\n\t\t\t\t<div class=\"elementor-widget-container\">\n\t\t\t\t\t<div class=\"elementor-text-editor elementor-clearfix\"><p>Nuestras instalaciones est\u00e1n equipadas <strong>con los mejores equipos y personal altamente capacitado<\/strong>\u00a0para llevar a cabo la labor de entregar los mejores productos para nuestros clientes.<\/p><p>\u00a0<\/p><\/div>\n\t\t\t\t<\/div>\n\t\t\t\t<\/div>\n\t\t\t\t<div class=\"elementor-element elementor-element-1fd2144 elementor-widget elementor-widget-image\" data-id=\"1fd2144\" data-element_type=\"widget\" data-widget_type=\"image.default\">\n\t\t\t\t<div class=\"elementor-widget-container\">\n\t\t\t\t\t<div class=\"elementor-image\">\n\t\t\t\t\t\t\t\t\t\t<img width=\"150\" height=\"150\" src=\"https:\/\/industriasproeza.com\/wp-content\/uploads\/2021\/01\/cropped-cropped-Logo-Ipsa-1-150x150.png\" class=\"attachment-thumbnail size-thumbnail\" alt=\"\" loading=\"lazy\" srcset=\"https:\/\/industriasproeza.com\/wp-content\/uploads\/2021\/01\/cropped-cropped-Logo-Ipsa-1-150x150.png 150w, https:\/\/industriasproeza.com\/wp-content\/uploads\/2021\/01\/cropped-cropped-Logo-Ipsa-1-300x300.png 300w, https:\/\/industriasproeza.com\/wp-content\/uploads\/2021\/01\/cropped-cropped-Logo-Ipsa-1-270x270.png 270w, https:\/\/industriasproeza.com\/wp-content\/uploads\/2021\/01\/cropped-cropped-Logo-Ipsa-1-192x192.png 192w, https:\/\/industriasproeza.com\/wp-content\/uploads\/2021\/01\/cropped-cropped-Logo-Ipsa-1-180x180.png 180w, https:\/\/industriasproeza.com\/wp-content\/uploads\/2021\/01\/cropped-cropped-Logo-Ipsa-1-32x32.png 32w, https:\/\/industriasproeza.com\/wp-content\/uploads\/2021\/01\/cropped-cropped-Logo-Ipsa-1.png 512w\" sizes=\"(max-width: 150px) 100vw, 150px\" \/>\t\t\t\t\t\t\t\t\t\t\t<\/div>\n\t\t\t\t<\/div>\n\t\t\t\t<\/div>\n\t\t\t\t\t\t<\/div>\n\t\t\t\t\t<\/div>\n\t\t<\/div>\n\t\t\t\t<div class=\"elementor-column elementor-col-66 elementor-inner-column elementor-element elementor-element-17076bf2\" data-id=\"17076bf2\" data-element_type=\"column\">\n\t\t\t<div class=\"elementor-column-wrap elementor-element-populated\">\n\t\t\t\t\t\t\t<div class=\"elementor-widget-wrap\">\n\t\t\t\t\t\t<div class=\"elementor-element elementor-element-72a31160 elementor-arrows-position-inside elementor-invisible elementor-widget elementor-widget-image-carousel\" data-id=\"72a31160\" data-element_type=\"widget\" data-settings=\"{&quot;slides_to_show&quot;:&quot;1&quot;,&quot;slides_to_show_tablet&quot;:&quot;1&quot;,&quot;slides_to_show_mobile&quot;:&quot;1&quot;,&quot;navigation&quot;:&quot;arrows&quot;,&quot;autoplay_speed&quot;:2000,&quot;effect&quot;:&quot;fade&quot;,&quot;_animation&quot;:&quot;zoomIn&quot;,&quot;autoplay&quot;:&quot;yes&quot;,&quot;pause_on_hover&quot;:&quot;yes&quot;,&quot;pause_on_interaction&quot;:&quot;yes&quot;,&quot;infinite&quot;:&quot;yes&quot;,&quot;speed&quot;:500}\" data-widget_type=\"image-carousel.default\">\n\t\t\t\t<div class=\"elementor-widget-container\">\n\t\t\t\t\t<div class=\"elementor-image-carousel-wrapper swiper-container\" dir=\"ltr\">\n\t\t\t<div class=\"elementor-image-carousel swiper-wrapper swiper-image-stretch\">\n\t\t\t\t<div class=\"swiper-slide\"><figure class=\"swiper-slide-inner\"><img class=\"swiper-slide-image\" src=\"https:\/\/industriasproeza.com\/wp-content\/uploads\/2021\/01\/012-1024x575.jpg\" alt=\"012\" \/><\/figure><\/div><div class=\"swiper-slide\"><figure class=\"swiper-slide-inner\"><img class=\"swiper-slide-image\" src=\"https:\/\/industriasproeza.com\/wp-content\/uploads\/2021\/01\/015-1024x575.jpg\" alt=\"015\" \/><\/figure><\/div><div class=\"swiper-slide\"><figure class=\"swiper-slide-inner\"><img class=\"swiper-slide-image\" src=\"https:\/\/industriasproeza.com\/wp-content\/uploads\/2021\/01\/016-1024x575.jpg\" alt=\"016\" \/><\/figure><\/div><div class=\"swiper-slide\"><figure class=\"swiper-slide-inner\"><img class=\"swiper-slide-image\" src=\"https:\/\/industriasproeza.com\/wp-content\/uploads\/2021\/01\/017-1024x575.jpg\" alt=\"017\" \/><\/figure><\/div>\t\t\t<\/div>\n\t\t\t\t\t\t\t\t\t\t\t\t\t\t\t\t<div class=\"elementor-swiper-button elementor-swiper-button-prev\">\n\t\t\t\t\t\t<i class=\"eicon-chevron-left\" aria-hidden=\"true\"><\/i>\n\t\t\t\t\t\t<span class=\"elementor-screen-only\">Previo<\/span>\n\t\t\t\t\t<\/div>\n\t\t\t\t\t<div class=\"elementor-swiper-button elementor-swiper-button-next\">\n\t\t\t\t\t\t<i class=\"eicon-chevron-right\" aria-hidden=\"true\"><\/i>\n\t\t\t\t\t\t<span class=\"elementor-screen-only\">Siguiente<\/span>\n\t\t\t\t\t<\/div>\n\t\t\t\t\t\t\t\t\t<\/div>\n\t\t\t\t<\/div>\n\t\t\t\t<\/div>\n\t\t\t\t\t\t<\/div>\n\t\t\t\t\t<\/div>\n\t\t<\/div>\n\t\t\t\t\t\t\t\t<\/div>\n\t\t\t\t\t<\/div>\n\t\t<\/section>\n\t\t\t\t<section class=\"elementor-section elementor-inner-section elementor-element elementor-element-59940db1 elementor-section-boxed elementor-section-height-default elementor-section-height-default\" data-id=\"59940db1\" data-element_type=\"section\">\n\t\t\t\t\t\t<div class=\"elementor-container elementor-column-gap-no\">\n\t\t\t\t\t\t\t<div class=\"elementor-row\">\n\t\t\t\t\t<div class=\"elementor-column elementor-col-33 elementor-inner-column elementor-element elementor-element-623e473b\" data-id=\"623e473b\" data-element_type=\"column\">\n\t\t\t<div class=\"elementor-column-wrap elementor-element-populated\">\n\t\t\t\t\t\t\t<div class=\"elementor-widget-wrap\">\n\t\t\t\t\t\t<div class=\"elementor-element elementor-element-7a012ef1 elementor-widget elementor-widget-heading\" data-id=\"7a012ef1\" data-element_type=\"widget\" data-widget_type=\"heading.default\">\n\t\t\t\t<div class=\"elementor-widget-container\">\n\t\t\t<h3 class=\"elementor-heading-title elementor-size-default\">Nuestro compromiso<\/h3>\t\t<\/div>\n\t\t\t\t<\/div>\n\t\t\t\t<div class=\"elementor-element elementor-element-8dd01b4 elementor-widget elementor-widget-text-editor\" data-id=\"8dd01b4\" data-element_type=\"widget\" data-widget_type=\"text-editor.default\">\n\t\t\t\t<div class=\"elementor-widget-container\">\n\t\t\t\t\t<div class=\"elementor-text-editor elementor-clearfix\"><p>En Industrias Proeza nos gusta pensar que somos una gran familia, as\u00ed que de la misma manera tratamos a nuestros clientes, haci\u00e9ndolos sentir como parte de nuestra empresa, ya que <strong>tomamos sus inquietudes y necesidades como si fueran nuestras.<\/strong><\/p><p>\u00a0<\/p><\/div>\n\t\t\t\t<\/div>\n\t\t\t\t<\/div>\n\t\t\t\t<div class=\"elementor-element elementor-element-aeaad44 elementor-widget elementor-widget-image\" data-id=\"aeaad44\" data-element_type=\"widget\" data-widget_type=\"image.default\">\n\t\t\t\t<div class=\"elementor-widget-container\">\n\t\t\t\t\t<div class=\"elementor-image\">\n\t\t\t\t\t\t\t\t\t\t<img width=\"150\" height=\"150\" src=\"https:\/\/industriasproeza.com\/wp-content\/uploads\/2021\/01\/cropped-cropped-Logo-Ipsa-1-150x150.png\" class=\"attachment-thumbnail size-thumbnail\" alt=\"\" loading=\"lazy\" srcset=\"https:\/\/industriasproeza.com\/wp-content\/uploads\/2021\/01\/cropped-cropped-Logo-Ipsa-1-150x150.png 150w, https:\/\/industriasproeza.com\/wp-content\/uploads\/2021\/01\/cropped-cropped-Logo-Ipsa-1-300x300.png 300w, https:\/\/industriasproeza.com\/wp-content\/uploads\/2021\/01\/cropped-cropped-Logo-Ipsa-1-270x270.png 270w, https:\/\/industriasproeza.com\/wp-content\/uploads\/2021\/01\/cropped-cropped-Logo-Ipsa-1-192x192.png 192w, https:\/\/industriasproeza.com\/wp-content\/uploads\/2021\/01\/cropped-cropped-Logo-Ipsa-1-180x180.png 180w, https:\/\/industriasproeza.com\/wp-content\/uploads\/2021\/01\/cropped-cropped-Logo-Ipsa-1-32x32.png 32w, https:\/\/industriasproeza.com\/wp-content\/uploads\/2021\/01\/cropped-cropped-Logo-Ipsa-1.png 512w\" sizes=\"(max-width: 150px) 100vw, 150px\" \/>\t\t\t\t\t\t\t\t\t\t\t<\/div>\n\t\t\t\t<\/div>\n\t\t\t\t<\/div>\n\t\t\t\t\t\t<\/div>\n\t\t\t\t\t<\/div>\n\t\t<\/div>\n\t\t\t\t<div class=\"elementor-column elementor-col-66 elementor-inner-column elementor-element elementor-element-2cd9b14a\" data-id=\"2cd9b14a\" data-element_type=\"column\">\n\t\t\t<div class=\"elementor-column-wrap elementor-element-populated\">\n\t\t\t\t\t\t\t<div class=\"elementor-widget-wrap\">\n\t\t\t\t\t\t<div class=\"elementor-element elementor-element-37b962ae elementor-arrows-position-inside elementor-invisible elementor-widget elementor-widget-image-carousel\" data-id=\"37b962ae\" data-element_type=\"widget\" data-settings=\"{&quot;slides_to_show&quot;:&quot;1&quot;,&quot;slides_to_show_tablet&quot;:&quot;1&quot;,&quot;slides_to_show_mobile&quot;:&quot;1&quot;,&quot;navigation&quot;:&quot;arrows&quot;,&quot;autoplay_speed&quot;:2000,&quot;_animation&quot;:&quot;zoomIn&quot;,&quot;effect&quot;:&quot;fade&quot;,&quot;autoplay&quot;:&quot;yes&quot;,&quot;pause_on_hover&quot;:&quot;yes&quot;,&quot;pause_on_interaction&quot;:&quot;yes&quot;,&quot;infinite&quot;:&quot;yes&quot;,&quot;speed&quot;:500}\" data-widget_type=\"image-carousel.default\">\n\t\t\t\t<div class=\"elementor-widget-container\">\n\t\t\t\t\t<div class=\"elementor-image-carousel-wrapper swiper-container\" dir=\"ltr\">\n\t\t\t<div class=\"elementor-image-carousel swiper-wrapper\">\n\t\t\t\t<div class=\"swiper-slide\"><figure class=\"swiper-slide-inner\"><img class=\"swiper-slide-image\" src=\"https:\/\/industriasproeza.com\/wp-content\/uploads\/2021\/01\/3Z9A1340-1-scaled.jpg\" alt=\"3Z9A1340\" \/><\/figure><\/div><div class=\"swiper-slide\"><figure class=\"swiper-slide-inner\"><img class=\"swiper-slide-image\" src=\"https:\/\/industriasproeza.com\/wp-content\/uploads\/2021\/01\/004-1-scaled.jpg\" alt=\"004\" \/><\/figure><\/div><div class=\"swiper-slide\"><figure class=\"swiper-slide-inner\"><img class=\"swiper-slide-image\" src=\"https:\/\/industriasproeza.com\/wp-content\/uploads\/2021\/01\/006-scaled.jpg\" alt=\"006\" \/><\/figure><\/div><div class=\"swiper-slide\"><figure class=\"swiper-slide-inner\"><img class=\"swiper-slide-image\" src=\"https:\/\/industriasproeza.com\/wp-content\/uploads\/2021\/01\/007-scaled.jpg\" alt=\"007\" \/><\/figure><\/div><div class=\"swiper-slide\"><figure class=\"swiper-slide-inner\"><img class=\"swiper-slide-image\" src=\"https:\/\/industriasproeza.com\/wp-content\/uploads\/2021\/01\/019-scaled.jpg\" alt=\"019\" \/><\/figure><\/div><div class=\"swiper-slide\"><figure class=\"swiper-slide-inner\"><img class=\"swiper-slide-image\" src=\"https:\/\/industriasproeza.com\/wp-content\/uploads\/2021\/01\/020-scaled.jpg\" alt=\"020\" \/><\/figure><\/div><div class=\"swiper-slide\"><figure class=\"swiper-slide-inner\"><img class=\"swiper-slide-image\" src=\"https:\/\/industriasproeza.com\/wp-content\/uploads\/2021\/01\/021-scaled.jpg\" alt=\"021\" \/><\/figure><\/div>\t\t\t<\/div>\n\t\t\t\t\t\t\t\t\t\t\t\t\t\t\t\t<div class=\"elementor-swiper-button elementor-swiper-button-prev\">\n\t\t\t\t\t\t<i class=\"eicon-chevron-left\" aria-hidden=\"true\"><\/i>\n\t\t\t\t\t\t<span class=\"elementor-screen-only\">Previo<\/span>\n\t\t\t\t\t<\/div>\n\t\t\t\t\t<div class=\"elementor-swiper-button elementor-swiper-button-next\">\n\t\t\t\t\t\t<i class=\"eicon-chevron-right\" aria-hidden=\"true\"><\/i>\n\t\t\t\t\t\t<span class=\"elementor-screen-only\">Siguiente<\/span>\n\t\t\t\t\t<\/div>\n\t\t\t\t\t\t\t\t\t<\/div>\n\t\t\t\t<\/div>\n\t\t\t\t<\/div>\n\t\t\t\t\t\t<\/div>\n\t\t\t\t\t<\/div>\n\t\t<\/div>\n\t\t\t\t\t\t\t\t<\/div>\n\t\t\t\t\t<\/div>\n\t\t<\/section>\n\t\t\t\t\t\t<\/div>\n\t\t\t\t\t<\/div>\n\t\t<\/div>\n\t\t\t\t\t\t\t\t<\/div>\n\t\t\t\t\t<\/div>\n\t\t<\/section>\n\t\t\t\t<section class=\"elementor-section elementor-top-section elementor-element elementor-element-d7461e3 elementor-section-boxed elementor-section-height-default elementor-section-height-default\" data-id=\"d7461e3\" data-element_type=\"section\">\n\t\t\t\t\t\t<div class=\"elementor-container elementor-column-gap-default\">\n\t\t\t\t\t\t\t<div class=\"elementor-row\">\n\t\t\t\t\t<div class=\"elementor-column elementor-col-66 elementor-top-column elementor-element elementor-element-ea3fb4d\" data-id=\"ea3fb4d\" data-element_type=\"column\">\n\t\t\t<div class=\"elementor-column-wrap elementor-element-populated\">\n\t\t\t\t\t\t\t<div class=\"elementor-widget-wrap\">\n\t\t\t\t\t\t<div class=\"elementor-element elementor-element-b10a089 elementor-widget elementor-widget-text-editor\" data-id=\"b10a089\" data-element_type=\"widget\" data-widget_type=\"text-editor.default\">\n\t\t\t\t<div class=\"elementor-widget-container\">\n\t\t\t\t\t<div class=\"elementor-text-editor elementor-clearfix\"><h3><strong>Filosof\u00eda<\/strong><\/h3><p>Excelencia y honestidad<\/p><p>Creemos que cada persona que colabora en INDUSTRIAS PROEZA S.A. es un profesional en su trabajo, inspirado siempre en la b\u00fasqueda de la excelencia y la honestidad en las labores que desempe\u00f1a.<\/p><p>Lider en Tecnolog\u00eda<\/p><p>INDUSTRIAS PROEZA S.A. es una empresa que quiere mantenerse como l\u00edder en tecnolog\u00eda y que a trav\u00e9s de los esfuerzos de sus colaboradores en todas las \u00e1reas de acci\u00f3n de la instituci\u00f3n, podr\u00e1 obtenerla.<\/p><p>La mejor asesor\u00eda<\/p><p>Los esfuerzos de los colaboradores de Industrias Proeza S.A. se deben encaminar constantemente hacia dar la mejor asesor\u00eda posible.<\/p><p>\u00a0<\/p><\/div>\n\t\t\t\t<\/div>\n\t\t\t\t<\/div>\n\t\t\t\t\t\t<\/div>\n\t\t\t\t\t<\/div>\n\t\t<\/div>\n\t\t\t\t<div class=\"elementor-column elementor-col-33 elementor-top-column elementor-element elementor-element-1300365\" data-id=\"1300365\" data-element_type=\"column\">\n\t\t\t<div class=\"elementor-column-wrap elementor-element-populated\">\n\t\t\t\t\t\t\t<div class=\"elementor-widget-wrap\">\n\t\t\t\t\t\t<div class=\"elementor-element elementor-element-3da2233 elementor-widget elementor-widget-image\" data-id=\"3da2233\" data-element_type=\"widget\" data-widget_type=\"image.default\">\n\t\t\t\t<div class=\"elementor-widget-container\">\n\t\t\t\t\t<div class=\"elementor-image\">\n\t\t\t\t\t\t\t\t\t\t<img width=\"820\" height=\"1024\" src=\"https:\/\/industriasproeza.com\/wp-content\/uploads\/2021\/01\/022-820x1024.jpg\" class=\"attachment-large size-large\" alt=\"\" loading=\"lazy\" srcset=\"https:\/\/industriasproeza.com\/wp-content\/uploads\/2021\/01\/022-820x1024.jpg 820w, https:\/\/industriasproeza.com\/wp-content\/uploads\/2021\/01\/022-240x300.jpg 240w, https:\/\/industriasproeza.com\/wp-content\/uploads\/2021\/01\/022-768x959.jpg 768w, https:\/\/industriasproeza.com\/wp-content\/uploads\/2021\/01\/022-1230x1536.jpg 1230w, https:\/\/industriasproeza.com\/wp-content\/uploads\/2021\/01\/022-1640x2048.jpg 1640w\" sizes=\"(max-width: 820px) 100vw, 820px\" \/>\t\t\t\t\t\t\t\t\t\t\t<\/div>\n\t\t\t\t<\/div>\n\t\t\t\t<\/div>\n\t\t\t\t\t\t<\/div>\n\t\t\t\t\t<\/div>\n\t\t<\/div>\n\t\t\t\t\t\t\t\t<\/div>\n\t\t\t\t\t<\/div>\n\t\t<\/section>\n\t\t\t\t<section class=\"elementor-section elementor-top-section elementor-element elementor-element-4cf1a1d elementor-section-boxed elementor-section-height-default elementor-section-height-default\" data-id=\"4cf1a1d\" data-element_type=\"section\">\n\t\t\t\t\t\t<div class=\"elementor-container elementor-column-gap-default\">\n\t\t\t\t\t\t\t<div class=\"elementor-row\">\n\t\t\t\t\t<div class=\"elementor-column elementor-col-100 elementor-top-column elementor-element elementor-element-5975904\" data-id=\"5975904\" data-element_type=\"column\">\n\t\t\t<div class=\"elementor-column-wrap elementor-element-populated\">\n\t\t\t\t\t\t\t<div class=\"elementor-widget-wrap\">\n\t\t\t\t\t\t<div class=\"elementor-element elementor-element-2b190e7 elementor-widget elementor-widget-text-editor\" data-id=\"2b190e7\" data-element_type=\"widget\" data-widget_type=\"text-editor.default\">\n\t\t\t\t<div class=\"elementor-widget-container\">\n\t\t\t\t\t<div class=\"elementor-text-editor elementor-clearfix\"><p>Calidad<\/p><p>La calidad de los productos de nuestros proveedores son el inicio de la calidad final de nuestros productos.<\/p><p>\u00c9tica<\/p><p>Creemos que la empresa cumple con sus obligaciones con el gobierno, los proveedores, los acreedores y dem\u00e1s grupos con los que act\u00faa de acuerdo a la \u00e9tica, la raz\u00f3n y la justicia que se requieran en cada caso.<\/p><p>Medio Ambiente<\/p><p>La empresa bajo ninguna circunstancia fabricar\u00e1, comercializara o distribuir\u00e1 productos que contaminen el medio ambiente en cualquier forma, o bien que puedan ser de peligro para las personas, los animales o las propiedades de individuo alguno.<\/p><p>Crecimiento Constante<\/p><p>INDUSTRIAS PROEZA S.A. Desea mantener un negocio s\u00f3lido y de crecimiento constante, por lo que cobrara a sus clientes los precios justos que permitan ofrecer m\u00e1s y mejores oportunidades para todos.<\/p><p>Aplicaciones m\u00e1s redituables<\/p><p>Recomendamos las aplicaciones de producto m\u00e1s redituables para el cliente, a corto y largo plazo.<\/p><p>Proveedores y asociados<\/p><p>Creemos que los proveedores y asociados de la empresa, actuar\u00e1n siempre con la mentalidad de co-fabricantes.<\/p><p><strong>\u00a0<\/strong><\/p><\/div>\n\t\t\t\t<\/div>\n\t\t\t\t<\/div>\n\t\t\t\t<div class=\"elementor-element elementor-element-db729ee elementor-widget elementor-widget-image\" data-id=\"db729ee\" data-element_type=\"widget\" data-widget_type=\"image.default\">\n\t\t\t\t<div class=\"elementor-widget-container\">\n\t\t\t\t\t<div class=\"elementor-image\">\n\t\t\t\t\t\t\t\t\t\t<img width=\"1024\" height=\"357\" src=\"https:\/\/industriasproeza.com\/wp-content\/uploads\/2021\/01\/024-1024x357.jpg\" class=\"attachment-large size-large\" alt=\"\" loading=\"lazy\" srcset=\"https:\/\/industriasproeza.com\/wp-content\/uploads\/2021\/01\/024-1024x357.jpg 1024w, https:\/\/industriasproeza.com\/wp-content\/uploads\/2021\/01\/024-300x105.jpg 300w, https:\/\/industriasproeza.com\/wp-content\/uploads\/2021\/01\/024-768x268.jpg 768w, https:\/\/industriasproeza.com\/wp-content\/uploads\/2021\/01\/024-1536x536.jpg 1536w, https:\/\/industriasproeza.com\/wp-content\/uploads\/2021\/01\/024-2048x714.jpg 2048w\" sizes=\"(max-width: 1024px) 100vw, 1024px\" \/>\t\t\t\t\t\t\t\t\t\t\t<\/div>\n\t\t\t\t<\/div>\n\t\t\t\t<\/div>\n\t\t\t\t\t\t<\/div>\n\t\t\t\t\t<\/div>\n\t\t<\/div>\n\t\t\t\t\t\t\t\t<\/div>\n\t\t\t\t\t<\/div>\n\t\t<\/section>\n\t\t\t\t<section class=\"elementor-section elementor-top-section elementor-element elementor-element-be71239 elementor-section-boxed elementor-section-height-default elementor-section-height-default\" data-id=\"be71239\" data-element_type=\"section\">\n\t\t\t\t\t\t<div class=\"elementor-container elementor-column-gap-default\">\n\t\t\t\t\t\t\t<div class=\"elementor-row\">\n\t\t\t\t\t<div class=\"elementor-column elementor-col-100 elementor-top-column elementor-element elementor-element-12fded0\" data-id=\"12fded0\" data-element_type=\"column\">\n\t\t\t<div class=\"elementor-column-wrap\">\n\t\t\t\t\t\t\t<div class=\"elementor-widget-wrap\">\n\t\t\t\t\t\t\t\t<\/div>\n\t\t\t\t\t<\/div>\n\t\t<\/div>\n\t\t\t\t\t\t\t\t<\/div>\n\t\t\t\t\t<\/div>\n\t\t<\/section>\n\t\t\t\t\t\t<\/div>\n\t\t\t\t\t\t<\/div>\n\t\t\t\t\t<\/div>\n\t\t","protected":false},"excerpt":{"rendered":"<p>Nuestra Empresa Industrias Proeza Nuestras instalaciones est\u00e1n equipadas con los mejores equipos y personal altamente capacitado\u00a0para llevar a cabo la labor de entregar los mejores productos para nuestros clientes. \u00a0 Previo Siguiente Nuestro compromiso En Industrias Proeza nos gusta pensar que somos una gran familia, as\u00ed que de la misma manera tratamos a nuestros clientes, &hellip;<\/p>\n<p class=\"read-more\"> <a class=\"\" href=\"https:\/\/industriasproeza.com\/index.php\/nuestra-empresa\/\"> <span class=\"screen-reader-text\">Nuestra Empresa<\/span> Leer m\u00e1s &raquo;<\/a><\/p>\n","protected":false},"author":2,"featured_media":0,"parent":0,"menu_order":0,"comment_status":"closed","ping_status":"closed","template":"","meta":[],"_links":{"self":[{"href":"https:\/\/industriasproeza.com\/index.php\/wp-json\/wp\/v2\/pages\/10"}],"collection":[{"href":"https:\/\/industriasproeza.com\/index.php\/wp-json\/wp\/v2\/pages"}],"about":[{"href":"https:\/\/industriasproeza.com\/index.php\/wp-json\/wp\/v2\/types\/page"}],"author":[{"embeddable":true,"href":"https:\/\/industriasproeza.com\/index.php\/wp-json\/wp\/v2\/users\/2"}],"replies":[{"embeddable":true,"href":"https:\/\/industriasproeza.com\/index.php\/wp-json\/wp\/v2\/comments?post=10"}],"version-history":[{"count":41,"href":"https:\/\/industriasproeza.com\/index.php\/wp-json\/wp\/v2\/pages\/10\/revisions"}],"predecessor-version":[{"id":1190,"href":"https:\/\/industriasproeza.com\/index.php\/wp-json\/wp\/v2\/pages\/10\/revisions\/1190"}],"wp:attachment":[{"href":"https:\/\/industriasproeza.com\/index.php\/wp-json\/wp\/v2\/media?parent=10"}],"curies":[{"name":"wp","href":"https:\/\/api.w.org\/{rel}","templated":true}]}}